+ 75. Calculate v(-25).
0
Let q(y) = y**2 + 8*y + 1. Determine q(-8).
1
Let i(c) = -2*c**2 - 5*c + 2. Calculate i(5).
-73
Let d(n) = n**2 - 10*n + 22. Give d(5).
-3
Let q(p) = 4*p - 143. What is q(37)?
5
Let o(l) = -l**2 + 8*l - 4. Give o(6).
8
Let l(w) = w + 15. Calculate l(-10).
5
Let j(i) = i**3 + 13*i**2 - 13*i + 18. Calculate j(-14).
4
Let v(k) = -3*k + 25. Determine v(11).
-8
Let r(g) = 23*g + 368. Give r(-16).
0
Let c(p) = p**3 - p**2 - 4*p + 1. What is c(3)?
7
Let h(r) = 3*r**2 + 3*r - 7. Give h(-3).
11
Let q(d) = -14*d - 3. Calculate q(-3).
39
Let v(r) = -r + 2. Determine v(-4).
6
Let m(w) = -w**3 - w**2 - w - 15. Calculate m(0).
-15
Let d(h) = 14*h + 240. What is d(-17)?
2
Let v(k) = -4*k + 21. What is v(-4)?
37
Let n(s) = 14*s + 2. Calculate n(-3).
-40
Let l(y) = -y**2 + 11*y. Determine l(11).
0
Let j(z) = z**3 - 5*z**2 - z + 3. What is j(5)?
-2
Let c(u) = u**3 - 17*u**2 - 108*u - 46. Calculate c(22).
-2
Let k(f) = -f**2 + 7*f + 6. Calculate k(11).
-38
Let p(o) = o**2 + 7*o - 42. Give p(-11).
2
Let w(o) = o**2 - 22*o - 5. Give w(22).
-5
Let k(u) = -17*u - 37. Determine k(-3).
14
Let p(y) = 8*y**3 + 2*y**2 - 4*y + 3. Determine p(2).
67
Let b(v) = -v + 3. What is b(-10)?
13
Let n(v) = v**3 - 4*v**2 + v + 3. What is n(3)?
-3
Let t(j) = -6*j**3 - 11*j**2 - 12*j + 2. Give t(-2).
30
Let p(j) = -8*j**3 + j**2 - 3*j + 3. Determine p(1).
-7
Let z(y) = -12*y + 339. Give z(32).
-45
Let v(w) = -2*w + 19. What is v(15)?
-11
Let b(t) = -4*t + 5. Give b(-14).
61
Let d(p) = -12*p**2 - p - 7. Give d(-2).
-53
Let r(c) = 2*c + 1. Calculate r(-2).
-3
Let h(v) = 16*v + 142. Calculate h(-9).
-2
Let p(l) = -l**2 - 26*l + 53. Calculate p(-28).
-3
Let r(t) = -t**3 + 7*t**2 + 20*t + 7. Give r(9).
25
Let y(t) = -t**3 - 4*t**2 - 7*t - 4. Calculate y(-6).
110
Let f(a) = 3*a. Calculate f(1).
3
Let i(v) = -4*v**3 - 20*v**2 - 5*v - 31. What is i(-5)?
-6
Let o(c) = c**3 - 8*c**2 - 51*c - 14. Determine o(-4).
-2
Let f(k) = 13*k - 49. What is f(5)?
16
Let n(v) = v**3 - 17*v**2 - 15*v - 47. Calculate n(18).
7
Let i(h) = 2*h - 1. Give i(-2).
-5
Let g(a) = -8*a - 26. Calculate g(-3).
-2
Let w(i) = i**3 - 6*i**2 - 6*i + 18. What is w(4)?
-38
Let q(d) = -29*d - 3. What is q(-1)?
26
Let k(o) = -o**2 + 5*o - 6. What is k(4)?
-2
Let y(f) = f**2 + 15*f + 12. Calculate y(-10).
-38
Let t(b) = -b**3 - 7*b**2 + 2*b - 5. What is t(-7)?
-19
Let b(q) = -12*q - 12. Determine b(-2).
12
Let r(u) = -3*u**2 + 6*u + 6. Calculate r(5).
-39
Let h(c) = c**2 - 6. Determine h(6).
30
Let c(u) = u**2 + 10*u + 10. Calculate c(-9).
1
Let x(u) = u**2 - 27*u + 24. Calculate x(26).
-2
Let l(i) = i**2 + 3*i - 11. Give l(9).
97
Let q(u) = -u**3 - 4*u**2 + 4*u - 9. Give q(-5).
-4
Let m(g) = g - 8. Calculate m(-6).
-14
Let q(k) = -2*k**2 - k + 1. Give q(1).
-2
Let p(b) = -b**2 + 6*b - 13. Give p(3).
-4
Let y(c) = c**3 - 2*c**2 - 7. Calculate y(3).
2
Let n(p) = -p**2 - 2*p + 9. Give n(-5).
-6
Let z(g) = 6*g**3 - 6*g**2 + 5*g. Determine z(1).
5
Let t(l) = -4*l + 91. Determine t(23).
-1
Let m(u) = u - 4. What is m(-1)?
-5
Let h(w) = w**3 + 7*w**2 + 2*w + 3. Give h(-7).
-11
Let r(y) = -4*y - 27. What is r(-16)?
37
Let k(q) = q**3 + 3*q**2 - 6*q. Calculate k(-4).
8
Let u(y) = -y**3 + 5*y**2 - y - 5. Calculate u(5).
-10
Let k(g) = g**2 - 7. Determine k(4).
9
Let u(l) = -2*l**2 + 19*l - 17. Calculate u(9).
-8
Let u(s) = s**2 + 26*s - 410. Determine u(11).
-3
Let l(c) = -c**2 - 3*c + 140. Give l(10).
10
Let u(k) = -k**3 + 6*k**2 + 6*k + 8. Determine u(7).
1
Let v(o) = o**3 + 3*o**2 - 5*o + 11. Calculate v(-4).
15
Let r(c) = -3*c + 1. Calculate r(2).
-5
Let h(i) = -i**2 - 2*i + 11. Calculate h(-5).
-4
Let k(n) = n**2 + 9*n + 10. Calculate k(0).
10
Let a(p) = -2*p - 16. Determine a(0).
-16
Let g(f) = f + 4. What is g(0)?
4
Let y(d) = 20*d + 6. Determine y(-2).
-34
Let k(i) = i**3 + 11*i**2 + 16*i - 20. Calculate k(-9).
-2
Let c(k) = k**2 + 7*k + 6. Calculate c(-6).
0
Let j(m) = -3*m**2 + 42*m + 54. Calculate j(15).
9
Let v(k) = k**3 - 11*k**2 + 12*k - 25. Calculate v(10).
-5
Let w(x) = -6*x - 25. Calculate w(-7).
17
Let x(j) = -19*j - 1. Calculate x(4).
-77
Let w(l) = 12*l + 10. Give w(-5).
-50
Let m(r) = r**3 - 11*r**2 + 16*r - 28. Determine m(11).
148
Let f(k) = -2*k**3 - k**2 + 2. Give f(-2).
14
Let w(s) = -s**2 + 17*s - 8. Determine w(14).
34
Let i(x) = x**2 + 2*x - 4. What is i(-3)?
-1
Let w(v) = -v**2 - 8*v - 1. Give w(-7).
6
Let c(s) = -s**3 + 7*s**2 - 6. Calculate c(7).
-6
Let z(i) = -i**2 + 13*i + 17. What is z(13)?
17
Let y(w) = -4*w**2 - 19*w - 15. What is y(-6)?
-45
Let l(f) = -f - 22. What is l(-22)?
0
Let q(n) = n**3 - 8*n**2 - 3*n + 15. What is q(8)?
-9
Let c(s) = s**3 - 6*s**2 + s - 11. Calculate c(6).
-5
Let o(i) = i**3 - 5*i**2 + 3*i - 2. Give o(4).
-6
Let l(o) = -o**3 + 4*o**2 - o + 1. Give l(4).
-3
Let v(s) = -2*s**2 - s - 1. Give v(-1).
-2
Let s(i) = -i**2 - 1. Give s(2).
-5
Let k(y) = -y**2 - 37*y - 159. Determine k(-5).
1
Let s(m) = 5*m + 68. Calculate s(-15).
-7
Let x(w) = 13*w - 100. Give x(6).
-22
Let l(z) = -z + 34. Calculate l(32).
2
Let d(i) = -97*i - 686. Give d(-7).
-7
Let s(d) = 14*d - 6. What is s(-3)?
-48
Let v(g) = -g**3 + 5*g**2 - 4*g + 4. Determine v(4).
4
Let q(j) = j**3 + 5*j**2 + 6*j + 3. Calculate q(-2).
3
Let h(m) = m - 15. Give h(7).
-8
Let f(x) = -x**3 - 6*x**2 + 2*x + 7. Determine f(-6).
-5
Let f(a) = -a**2 - 5*a + 15. Determine f(-10).
-35
Let a(j) = 36*j + 4. What is a(-7)?
-248
Let c(n) = n - 15. Give c(10).
-5
Let u(q) = q - 14. Calculate u(0).
-14
Let a(n) = n**3 - 14*n**2 + 11*n + 17. Calculate a(13).
-9
Let m(t) = t**2 - 26*t - 160. Calculate m(31).
-5
Let q(a) = -a**2 - 18*a + 90. Determine q(-22).
2
Let v(i) = -i - 7. Determine v(-9).
2
Let m(f) = -f**2 - 3*f + 14. Determine m(-6).
-4
Let b(j) = 2*j - 13. Calculate b(6).
-1
Let m(y) = -y - 7. Give m(0).
-7
Let m(j) = -j - 16. Calculate m(-15).
-1
Let s(l) = 2*l**2 + 37*l + 8. Give s(-18).
-10
Let m(k) = 11*k + 66. Determine m(-7).
-11
Let s(f) = -3*f + 4. Give s(-1).
7
Let w(p) = -2*p + 19. Give w(7).
5
Let f(v) = -v**2 + 12*v + 85. What is f(-5)?
0
Let u(m) = -10*m + 144. What is u(17)?
-26
Let f(u) = -u**3 - 4*u**2 - 7*u - 6. Calculate f(-3).
6
Let z(x) = -6*x**2 + 3*x - 4. Calculate z(1).
-7
Let m(u) = u - 21. Determine m(7).
-14
Let u(w) = -2*w**2 - 6*w - 3. Calculate u(-4).
-11
Let l(q) = 3*q - 18. What is l(8)?
6
Let p(l) = 2*l - 5. Give p(4).
3
Let q(u) = 5*u - 15. What is q(4)?
5
Let p(h) = 3*h - 63. Give p(16).
-15
Let l(u) = -u + 23. Determine l(-12).
35
Let v(p) = 2*p**2 + 39*p - 24. Calculate v(-20).
-4
Let g(l) = l**3 - 10*l**2 - 13*l + 22. Give g(11).
0
Let b(v) = -v**3 + 2*v**2 + 11*v - 2. What is b(5)?
-22
Let y(u) = -u - 15. What is y(-7)?
-8
Let n(o) = -55*o**2 + o + 2. What is n(-1)?
-54
Let v(n) = -3*n + 3. What is v(4)?
-9
Let b(n) = 2*n**2 + 7*n + 6. Calculate b(-4).
10
Let y(z) = z**3 + 9*z**2 + 8*z + 11. Give y(-8).
11
Let d(c) = c**2 - 27*c + 178. Determine d(17).
8
Let i(a) = a**3 + 9*a**2 - 15*a + 20. Determine i(-11).
-57
Let z(s) = s + 7. Calculate z(-7).
0
Let h(c) = 5*c**2 + c - 7. Calculate h(3).
41
Let k(m) = -9*m + 13. What is k(-7)?
76
Let o(y) = y**2 - 11*y + 16. Give o(10).
6
Let o(r) = r**2 + 9*r + 15. What is o(-7)?
1
Let r(d) = -d + 7. Give r(9).
-2
Let t(k) = -k**3 + 8*k**2 - 4*k + 5. Determine t(7).
26
Let g(c) = 29*c + 46. Calculate g(-3).
-41
Let o(t) = t**3 + 3*t**2 - 16*t + 3. Determine o(3).
9
Let j(v) = -4*v**3 + 2*v**2 - 3*v + 2. Give j(1).
-3
Let j(n) = n**2 + 4*n - 4. Give j(-3).
-7
Let h(z) = -2*z**2 + 6*z. Give h(3).
0
Let z(c) = -3*c**3 - 3*c**2. What is z(-2)?
12
Let l(h) = h**2 - 11*h + 20. Determine l(7).
-8
Let f(y) = -2*y - 26. What is f(20)?
-66
Let p(d) = 18*d + 1. What is p(1)?
19
Let t(o) = o**3 - 3*o**2 - 3*o + 5. Determine t(4).
9
Let m(h) = -12*h - 36. Determine m(-4).
12
Let n(b) = b - 8. Calculate n(0).
-8
Let n(f) = 7*f - 27. Give n(6).
15
Let f(w) = w**2 - 4*w - 9. Give f(7).
12
Let a(c) = -3*c - 13. Calculate a(7).
-34
Let r(q) = 50*q - 14. Determine r(2).
86
Let s(g) = -g**3 - 5*g**2 + 5*g - 4. Give s(-6).
2
Let s(k) = k**3 + 12*k**2 - 2*k + 6. Give s(-12).
30
Let l(c) = c**3 + 2*c**2 - 3*c - 26. Determine l(-5).
-86
Let a(o) = 3*o**3 + o - 1. Determine a(1).
3
Let n(w) = w**3 - 7*w**2 + 5*w - 1. Determine n(6).
-7
Let t(o) = -o**2 + 1